 is 905 (base 12) in base 14?
68d
Convert -1001010111011 (base 2) to base 9.
-6517
Convert -20011 (base 5) to base 10.
-1256
2b8 (base 15) to base 3
212002
-1207 (base 14) to base 12
-199b
Convert 775 (base 8) to base 10.
509
Convert 2011100 (base 3) to base 12.
ab3
-1633 (base 14) to base 8
-7575
-11011001 (base 2) to base 4
-3121
What is -12020 (base 5) in base 13?
-531
140245 (base 6) to base 2
11001100000101
Convert -3544 (base 6) to base 2.
-1101011000
Convert -412 (base 7) to base 6.
-541
What is 6aa (base 16) in base 11?
1311
Convert 8d39 (base 15) to base 6.
350443
What is -53d (base 14) in base 5?
-13120
What is 1110100011111 (base 2) in base 6?
54303
Convert -689 (base 10) to base 7.
-2003
-737 (base 11) to base 5
-12022
What is -101 (base 12) in base 4?
-2101
2 (base 5) to base 13
2
-1eda (base 15) to base 2
-1101001001010
Convert -935 (base 12) to base 14.
-6b7
Convert -1231330 (base 4) to base 5.
-211121
200101 (base 3) to base 4
13300
-745 (base 13) to base 5
-14430
Convert -469 (base 12) to base 15.
-2dc
What is 1173 (base 8) in base 16?
27b
54a (base 12) to base 2
1100001010
What is -33564 (base 9) in base 7?
-122053
-49782 (base 10) to base 11
-34447
-152524 (base 7) to base 3
-1111211021
What is -10212 (base 4) in base 16?
-126
What is 122053 (base 6) in base 9?
15766
What is -128805 (base 9) in base 2?
-10011001101000000
Convert abb (base 12) to base 9.
2148
705 (base 8) to base 3
121210
-91 (base 14) to base 7
-241
What is 4aab (base 12) in base 4?
2010203
Convert 21409 (base 10) to base 4.
11032201
What is 138 (base 10) in base 3?
12010
1001010101 (base 2) to base 6
2433
What is -3000 (base 4) in base 2?
-11000000
What is 12021210 (base 3) in base 16?
f0f
-1045 (base 9) to base 14
-3d0
-403220 (base 5) to base 14
-49dd
4111202 (base 5) to base 16
1037b
1100321 (base 4) to base 16
1439
Convert 1100111 (base 3) to base 8.
1731
Convert 19d (base 16) to base 12.
2a5
Convert 263616 (base 7) to base 12.
24690
-213322 (base 5) to base 7
-30251
What is 99c8 (base 14) in base 2?
110100000001100
-14c (base 14) to base 2
-100001000
-164 (base 7) to base 8
-137
-52333 (base 7) to base 15
-3c27
What is 3424 (base 9) in base 11?
19a3
Convert -4850 (base 16) to base 13.
-8570
-226 (base 16) to base 9
-671
Convert -1b8a (base 14) to base 15.
-174c
What is -11572 (base 8) in base 4?
-1031322
What is -b62 (base 15) in base 16?
-a07
Convert -627 (base 10) to base 7.
-1554
205014 (base 6) to base 7
66343
2333 (base 7) to base 15
3c2
Convert 21534 (base 9) to base 11.
a809
Convert 44616 (base 9) to base 3.
1111200120
What is -1102222120 (base 3) in base 6?
-335323
What is 4033 (base 5) in base 2?
1000000110
What is 2300 (base 11) in base 8?
5721
What is -5522 (base 12) in base 13?
-4370
Convert -387a (base 12) to base 3.
-22211011
-143113 (base 6) to base 9
-20650
Convert -394 (base 15) to base 14.
-422
What is -110132 (base 4) in base 14?
-698
-30103 (base 4) to base 12
-557
Convert 1244301 (base 5) to base 14.
9143
Convert 244066 (base 7) to base 12.
219ba
What is -201211 (base 6) in base 10?
-15847
-5840 (base 11) to base 9
-11458
Convert 24a9 (base 14) to base 3.
22210211
-4423 (base 5) to base 2
-1001100101
Convert -1243 (base 6) to base 14.
-187
-5a (base 12) to base 4
-1012
What is 663 (base 8) in base 10?
435
Convert -a3a (base 16) to base 7.
-10430
Convert -63463 (base 8) to base 6.
-322151
Convert 96a9 (base 11) to base 2.
11001000011000
What is 65566 (base 7) in base 11?
11372
Convert -1798 (base 13) to base 15.
-108a
Convert -110200012 (base 3) to base 9.
-13605
-392 (base 11) to base 5
-3324
-24200 (base 6) to base 11
-2718
-203132 (base 4) to base 15
-a15
Convert 1323 (base 4) to base 2.
1111011
96c (base 16) to base 14
c44
12962 (base 10) to base 5
403322
Convert -11423 (base 5) to base 11.
-715
-1963 (base 11) to base 15
-b0e
Convert -24765 (base 8) to base 10.
-10741
Convert 17335 (base 13) to base 5.
2410431
-12b88 (base 12) to base 7
-135311
What is 4541 (base 12) in base 8?
17001
Convert 4d6 (base 14) to base 16.
3cc
What is 9967 (base 11) in base 15?
3d61
122221201 (base 3) to base 7
53104
25626 (base 7) to base 9
10330
12321 (base 4) to base 12
309
Convert 110101011010 (base 2) to base 16.
d5a
Convert 110100011 (base 2) to base 11.
351
Convert -4b1a (base 13) to base 16.
-29ae
What is 22656 (base 7) in base 4?
1122333
-a674 (base 12) to base 13
-83b6
Convert 121220021 (base 3) to base 8.
30037
What is b077 (base 15) in base 8?
110565
250a (base 11) to base 3
11111101
What is -21332 (base 4) in base 13?
-3a1
Convert -197 (base 11) to base 4.
-3203
Convert 2499 (base 11) to base 12.
1a72
What is 1152 (base 8) in base 14?
322
What is 1100110101 (base 2) in base 6?
3445
-3759 (base 10) to base 13
-1932
What is 313 (base 8) in base 9?
245
Convert 6043 (base 8) to base 6.
22215
Convert 17505 (base 8) to base 2.
1111101000101
What is 7ba (base 15) in base 10?
1750
What is -1002 (base 6) in base 4?
-3122
What is 110002100 (base 3) in base 8?
21153
What is -122042 (base 5) in base 10?
-4647
What is 4669 (base 16) in base 4?
10121221
bd7 (base 15) to base 6
20221
What is -4bc2 (base 15) in base 5?
-1004112
Convert -30043 (base 8) to base 10.
-12323
What is 6a3 (base 12) in base 10?
987
-162 (base 15) to base 7
-632
What is 4213 (base 5) in base 11?
468
-1215 (base 12) to base 6
-13225
What is -3056 (base 15) in base 16?
-27de
What is 272 (base 12) in base 7?
1043
561 (base 10) to base 7
1431
Convert 10001110000110 (base 2) to base 6.
110034
130 (base 12) to base 11
154
246 (base 14) to base 16
1c6
What is -38731 (base 11) in base 4?
-31202130
4997 (base 14) to base 10
12873
Convert c23 (base 13) to base 6.
13305
798 (base 14) to base 5
22011
Convert -542 (base 9) to base 11.
-373
130 (base 8) to base 12
74
-211512 (base 6) to base 15
-51a2
4299 (base 11) to base 6
42134
Convert 1001110001 (base 2) to base 15.
2ba
-bb (base 16) to base 9
-227
10130 (base 4) to base 16
11c
-656 (base 7) to base 11
-285
Convert -1b10 (base 15) to base 6.
-43053
Convert 61426 (base 8) to base 9.
37714
1455 (base 16) to base 4
1101111
Convert -28886 (base 9) to base 3.
-222222220
Convert 1b9 (base 14) to base 4.
11213
45043 (base 9) to base 10
29928
Convert 41413 (base 6) to base 13.
26b2
What is 110100011111 (base 2) in base 12?
1b3b
What is 22312000 (base 4) in base 15?
d261
Convert -3596 (base 12) to base 13.
-297c
What is 110011010110 (base 2) in base 11?
2518
What is 26316 (base 7) in base 11?
5302
Convert -33232 (base 5) to base 10.
-2317
-195 (base 13) to base 3
-101210
-10232 (base 5) to base 3
-221122
6266 (base 8) to base 15
e6e
Convert -4380 (base 16) to base 3.
-212201000
-4ef (base 16) to base 13
-762
Convert -141210 (base 6) to base 3.
-200011220
Convert -52411 (base 6) to base 3.
-100200121
Convert 3152 (base 9) to base 14.
bb5
What is -405 (base 13) in base 15?
-306
-107 (base 8) to base 10
-71
4132 (base 5) to base 8
1036
-2017 (base 13) to base 7
-15604
Convert -1703 (base 14) to base 9.
-5576
222ab (base 13) to base 15
13580
-590 (base 12) to base 14
-432
What is 1214 (base 7) in base 9?
552
What is 3311 (base 5) in base 8?
710
-387 (base 10) to base 9
-470
Convert 112012101 (base 3) to base 11.
7860
Convert 43132 (base 5) to base 3.
11000001
What is 1010010011000 (base 2) in base 15?
1867
What is -2651a (base 12) in base 14?
-1523c
-100131 (base 4) to base 8
-2035
Convert 1341 (base 13) to base 5.
42012
Convert 6724 (base 8) to base 10.
3540
Convert 598b (base 14) to base 3.
210102001
Convert 230124 (base 7) to base 12.
1b7b0
Convert 340112 (base 5) to base 8.
27203
What is -20210 (base 5) in base 3?
-1210100
What is -40253 (base 7) in base 9?
-14322
What is 11221 (base 3) in base 6?
341
Convert 1234 (base 5) to base 15.
ce
-565 (base 12) to base 6
-3405
-151 (base 6) to base 7
-124
What is 2136 (base 11) in base 14?
1058
What is -21032 (base 6) in base 3?
-10212202
What is -173 (base 11) in base 7?
-405
Convert -1231331 (base 4) to base 15.
-2142
10310302 (base 4) to base 12
b52a
Convert -1132233 (base 4) to base 8.
-13657
What is 1d2 (base 16) in base 9?
567
What is 56b2 (base 12) in base 8?
22646
1434 (base 8) to base 5
11141
What is -3234 (base 5) in base 7?
-1203
Convert -c1b4 (base 16) to base 2.
-1100000110110100
Convert 